st the prime factors of y.
3, 71
Let z = -40 + 47. Let v(p) = 3*p**2 - p - 15. What are the prime factors of v(z)?
5
Suppose 4*s + 942 + 638 = 2*b, 4*b = -2*s + 3180. List the prime factors of b.
2, 397
Let s = 112 + 401. List the prime factors of s.
3, 19
Let t = -759 + 1079. List the prime factors of t.
2, 5
Let l = 9 + -4. Suppose -5 = -5*r - l*q, 0*r = -5*r - q + 1. Suppose r = 2*p + 3*j - 32, 3*p - 40 = -4*j + 6. What are the prime factors of p?
2, 5
Let o(m) = -22*m + 138. List the prime factors of o(-12).
2, 3, 67
Let u = 1374 - -840. What are the prime factors of u?
2, 3, 41
Let w(k) = -k**2 - 20*k - 20. Let s be w(-19). List the prime factors of s/6 + (9139/(-6))/(-13).
3, 13
Suppose -640 = 2*y - 7*y. Suppose 2*l + 3*k - y = 5*k, 186 = 3*l - k. What are the prime factors of l?
61
Suppose 2*w = -3*w + 20. Let l(r) be the third derivative of r**6/120 - r**5/15 + r**4/12 + r**3/3 - r**2. What are the prime factors of l(w)?
2, 5
Suppose 61191 = 56*q - 157825. What are the prime factors of q?
3911
Let f be 45/2 - (-12)/24. Let a = 111 - f. What are the prime factors of a?
2, 11
Suppose -28*y + 26*y = -3*g + 7399, 2449 = g - 5*y. List the prime factors of g.
3, 823
Let v(n) be the second derivative of 7*n**3/6 + 6*n**2 + 24*n. List the prime factors of v(11).
89
Suppose -99*o + 1065 = -96*o. What are the prime factors of o?
5, 71
Let b be ((-27)/12)/((-3)/492). Suppose -2*f + 127 = 3*a - 74, 5*a + b = 4*f. List the prime factors of f.
2, 3
Let y = -8 - -4. Suppose -4*j - 5*o + 12 = 0, -j - j - 5*o + 16 = 0. Let t = j - y. What are the prime factors of t?
2
Let n = -82 - -225. List the prime factors of n.
11, 13
Suppose 0 = r + 5*r + 30. Let h(i) = -3 - 4*i - i**2 - 2*i - 2*i. List the prime factors of h(r).
2, 3
Let y(z) = 3*z**2 - 10*z + 3. Suppose 12 = 4*p, -2*t + 0*p + 75 = -3*p. Let h be 12/(-8)*t/(-9). List the prime factors of y(h).
2, 5
Let k be 120/(-45)*6/(-4). Suppose 5*f - 4*d + 647 = 8*f, 0 = f - k*d - 237. What are the prime factors of f?
13, 17
Let m(r) = -r**3 - 2*r**2 + 1117. List the prime factors of m(0).
1117
Suppose -616*w - 9800 = -621*w. What are the prime factors of w?
2, 5, 7
Suppose 4*b = -w + 1108, -5*w + 2*b = -0*b - 5452. What are the prime factors of w?
2, 3, 7, 13
Suppose -2*x = -5*n + 4561, 5*x = -3*n - 0*x + 2718. What are the prime factors of n?
911
Let w(j) = -j**3 + 2*j**2 - 3*j - 2. Let b be w(2). Let y(k) = -4*k + 19. What are the prime factors of y(b)?
3, 17
Suppose 5*j + o = 0, -2*j + 5*o - 28 = j. Let m = j - -12. Let p = 13 - m. List the prime factors of p.
2
Suppose -17*a + 55*a = 56430. What are the prime factors of a?
3, 5, 11
Let m be 4 + (-5)/(-10)*10. Let g(r) = 2*r**2 - 4*r - 8. What are the prime factors of g(m)?
2, 59
What are the prime factors of (585/(-6))/((-6)/20)?
5, 13
Let h(y) = 1 - 8*y**2 + 4*y - y**3 - 5*y**2 + 14*y**2 + 0*y. What are the prime factors of h(-4)?
5, 13
Suppose 3*t = b - 9 - 13, 2*b + 10 = 0. What are the prime factors of 3*((-64)/6)/(6/t)?
2, 3
Suppose 365 - 5305 = -2*g. What are the prime factors of g?
2, 5, 13, 19
Suppose 6 = 3*r - 12. Suppose -2*f - 28 = -r*f. Suppose -f*j + 21 = -0. What are the prime factors of j?
3
Suppose -5*o - j + 60 = 0, 0 = -2*o + 3*j - j + 24. Let v = -9 + o. Suppose v*y - 3*l - 10 = 20, y + 2*l - 19 = 0. What are the prime factors of y?
13
Suppose 35*x = -698 + 2763. What are the prime factors of x?
59
Suppose -c - 1580 = -6*c. List the prime factors of c.
2, 79
Let o(f) = -f + 5. Let x be o(0). Suppose 4*r - 7 - x = 0. List the prime factors of 1*6/r*9.
2, 3
What are the prime factors of (-436)/327*(-1 - 7954/8)?
1327
List the prime factors of 17/85 + 1199/5.
2, 3, 5
Let o be (12/9)/(2/(-27)). Suppose -a + 2*j + 52 = 10, 5*a - 234 = 2*j. Let z = o + a. List the prime factors of z.
2, 3, 5
Let p(b) = 12*b**2 - 7*b - 51 + 88 - 47. What are the prime factors of p(-3)?
7, 17
Let t(l) be the second derivative of l**3 - 3*l**2 - 17*l. List the prime factors of t(10).
2, 3
Suppose 5*p - 2260 = z, p - 3*z - 204 - 234 = 0. What are the prime factors of p?
3, 151
Let f = 1926 - 508. List the prime factors of f.
2, 709
Suppose -5*m = 5*a - 535 - 1535, 0 = m + 5*a - 410. What are the prime factors of m?
5, 83
Let c = 3 + 13. Let v = 54 - c. Suppose -2*s + v = -s. What are the prime factors of s?
2, 19
Let n = 451 + -307. List the prime factors of n.
2, 3
Let l = -1091 - -2039. List the prime factors of l.
2, 3, 79
Suppose -8*y + 6*y = -40. What are the prime factors of 1212/y + (-6)/10?
2, 3, 5
Suppose 155*r - 133770 = 85*r. List the prime factors of r.
3, 7, 13
Suppose -3*z + 735 = -h, 0*h = -h - 2*z - 745. What are the prime factors of (h/(-76))/((-3)/(-56))?
2, 7, 13
List the prime factors of (-2 - -388 - -4) + 4.
2, 197
Suppose -c - 1 = -5, -2*s + 152 = -2*c. Let w = 72 + s. What are the prime factors of w?
2, 19
Suppose -3*s + l + 307 = -558, 3*l = 2*s - 586. List the prime factors of s.
7, 41
Let i = -15 + 17. Let q(d) = d**3 + 7*d**2 - 10*d - 6. Let o be q(-8). What are the prime factors of ((-1)/i)/(o/(-340))?
17
Suppose w = 4*v + 10 + 49, 0 = -2*w + 5*v + 115. Let p be 4/(-10) + (-33)/w. List the prime factors of (3 - -15) + (-4)/p.
2, 11
Let l(z) = z**2 + 5*z + 3. Let c be l(-4). Let f be 1/(-1) + 1*c. List the prime factors of (-3)/(-6)*-10*f.
2, 5
Suppose 7*a + 25*a = 31584. What are the prime factors of a?
3, 7, 47
Let h(j) = j**3 + 4*j**2 - 5*j + 3. Suppose 2*d - 9 = 3*y - 0*d, -4*d - 22 = 2*y. Let w be h(y). Let r = w + 0. List the prime factors of r.
3
Let a(g) = -4*g**3 - 14*g**2 + 12*g - 12. What are the prime factors of a(-9)?
2, 3, 277
Let w(v) = v**3 - 13*v**2 + v - 10. Let i be w(13). Suppose -i*j - 88 = -274. List the prime factors of j.
2, 31
Let t = -2 - -4. Suppose -t = -3*x + 4. Suppose -u - 13 = -x*u. List the prime factors of u.
13
Let u be 14/84 - (-82)/12. Suppose u - 1 = 2*o. List the prime factors of (-1 - (-2)/o)*-78.
2, 13
Suppose -t + g + 51 = -664, -3*g = t - 715. What are the prime factors of t?
5, 11, 13
Suppose 3*b = c + 39, 5*c = -7*b + 3*b + 71. Suppose 4*z - 188 = -3*x + 2*x, 4*z - 3*x - 172 = 0. Suppose 4*n + b = z. What are the prime factors of n?
2
Let u(i) = -3*i**3 - 8*i**2 + 4*i + 4. Let f(h) = -3*h**3 - 9*h**2 + 4*h + 5. Let q(c) = 5*f(c) - 6*u(c). List the prime factors of q(3).
97
Suppose -7*c = 3*c - 11510. List the prime factors of c.
1151
Let p be (-2)/(3/(-95 + -4)). Suppose -p - 1602 = -6*b. What are the prime factors of b?
2, 139
Suppose 4*o - 3*n - 2651 = 0, -n = 3*o + 2*n - 1983. List the prime factors of o.
2, 331
Let a be (-6)/(-5)*(-10)/12*8. Let s(n) = -15*n + 19. What are the prime factors of s(a)?
139
Let w be 9/((-225)/(-13670)) + 2/10. Suppose -5*i - 3*d = 79 - 640, -w = -5*i + 4*d. What are the prime factors of i?
3, 37
Suppose 7*v - 248 = 3*v. Suppose -4*a + 9*a - v = 3*k, a - 14 = -k. List the prime factors of a.
13
List the prime factors of ((-549)/5 - -5)/(4/(-10)).
2, 131
Suppose -4*n = -3*j + 60, -3*j - 2 = -n - 53. Suppose -18*m = -j*m - 262. What are the prime factors of m?
131
List the prime factors of ((-4044)/(-14))/(13/((-910)/(-20))).
3, 337
Let p = 669 - 579. List the prime factors of p.
2, 3, 5
Let n be 6/(-12)*1*-10. Suppose -5*r = -z + 76, 5*z - 410 = -0*z - n*r. Suppose -4*p - 3*f = -33 - 29, 5*p = -2*f + z. List the prime factors of p.
17
Let o be (12/(-48))/((-1)/8). Suppose s = -o*s + 108. List the prime factors of s.
2, 3
Let k = -135 + 256. List the prime factors of k.
11
Suppose 40 = -x - 14. Let a = 126 + x. List the prime factors of a.
2, 3
Suppose -2*a + 13 = -a - 3*v, 2*a = 5*v + 23. Suppose 168 = a*r - x - 0*x, -2*r + 84 = x. List the prime factors of r.
2, 3, 7
Let g(o) = o + 19. Let q be g(-7). Suppose 0 = 5*y - 62 + q. List the prime factors of y.
2, 5
Let g be -48 + (1/3)/(2/12). List the prime factors of g/(-1) - (0 + (0 - 2)).
2, 3
Suppose 3*b - 27 = 6*b. Let z be (b/6 + 4)*20. Suppose -3*x + x = -z. List the prime factors of x.
5
Let j(o) = -872 - 9*o**3 + 0*o**2 + 0*o**2 + 871. Let g = -2 - -1. List the prime factors of j(g).
2
Suppose 15 = -31*a + 34*a. Suppose q - 56 = -u - q, -4*u = -a*q - 211. List the prime factors of u.
2, 3
Suppose -11*m + 230 = -6*m - 5*t, 4*m + 2*t - 154 = 0. What are the prime factors of m?
41
What are the prime 